and 72?
8
What is the greatest common divisor of 66372 and 384?
12
What is the highest common divisor of 110 and 9515?
55
Calculate the highest common factor of 9322 and 16402.
118
What is the greatest common factor of 27939 and 5421?
417
Calculate the greatest common divisor of 14 and 19117.
7
What is the highest common factor of 9195 and 405?
15
Calculate the highest common factor of 1147636 and 2856.
476
What is the greatest common factor of 657 and 47232?
9
What is the highest common divisor of 184179 and 438?
219
What is the greatest common divisor of 364690 and 10?
10
Calculate the highest common divisor of 1742 and 2522.
26
What is the highest common divisor of 693 and 344862?
63
Calculate the highest common factor of 32898 and 12.
6
What is the highest common factor of 910 and 32825?
65
Calculate the highest common divisor of 2276 and 48.
4
What is the greatest common factor of 805 and 5810?
35
What is the greatest common factor of 819 and 630903?
273
What is the greatest common factor of 3 and 1544?
1
What is the highest common factor of 20 and 386840?
20
Calculate the greatest common divisor of 13662 and 5152.
46
What is the highest common factor of 240 and 2526?
6
What is the greatest common factor of 165 and 4264755?
165
What is the highest common factor of 553144 and 40?
8
Calculate the greatest common factor of 50208 and 348.
12
What is the greatest common divisor of 23962 and 2?
2
What is the greatest common divisor of 38440 and 3240?
40
What is the highest common divisor of 235206 and 1253?
179
Calculate the greatest common divisor of 83 and 15001586.
83
What is the greatest common factor of 8104 and 250?
2
Calculate the greatest common factor of 322989 and 4077.
453
Calculate the greatest common divisor of 2 and 29706.
2
What is the highest common divisor of 121356 and 4068?
36
What is the greatest common factor of 30384 and 175341?
633
Calculate the greatest common factor of 12996 and 1686.
6
What is the greatest common factor of 375573 and 11?
11
What is the highest common factor of 1172416 and 168?
56
Calculate the greatest common divisor of 980 and 8480.
20
Calculate the highest common divisor of 14 and 10054.
2
What is the highest common factor of 23517 and 13936?
871
What is the greatest common divisor of 1178 and 299801?
589
Calculate the highest common factor of 9200994 and 66.
66
What is the greatest common divisor of 35296 and 256?
32
What is the greatest common divisor of 187 and 931073?
187
What is the highest common divisor of 3390 and 30?
30
What is the highest common divisor of 1457269 and 11?
11
Calculate the greatest common factor of 56 and 18028.
4
Calculate the greatest common divisor of 17031 and 36.
3
Calculate the greatest common divisor of 98 and 13734.
14
What is the highest common factor of 1700 and 250?
50
What is the highest common factor of 209952 and 1056?
96
What is the highest common factor of 9369 and 4858?
347
Calculate the highest common divisor of 77 and 284.
1
What is the greatest common divisor of 1003 and 28815?
17
Calculate the greatest common factor of 30 and 4868070.
30
Calculate the highest common divisor of 2904 and 9592.
88
Calculate the highest common divisor of 11 and 7308334.
11
What is the greatest common factor of 6 and 62202?
6
Calculate the highest common divisor of 819 and 14931.
63
What is the highest common divisor of 464485 and 3220?
805
What is the greatest common divisor of 1498938 and 252?
42
Calculate the highest common factor of 30 and 19990.
10
What is the greatest common divisor of 91059 and 3048?
381
What is the greatest common factor of 12 and 31364?
4
Calculate the greatest common factor of 276 and 1900536.
276
What is the greatest common factor of 22 and 251?
1
Calculate the highest common divisor of 1262088 and 81.
27
What is the greatest common divisor of 6 and 34786?
2
Calculate the greatest common divisor of 2872555 and 35.
35
Calculate the greatest common divisor of 1640 and 123.
41
Calculate the highest common factor of 4284 and 1386.
126
What is the greatest common factor of 82 and 24928?
82
What is the greatest common factor of 1144 and 1651?
13
What is the highest common divisor of 38675 and 63?
7
What is the greatest common divisor of 1283 and 1?
1
What is the highest common divisor of 57856 and 2560?
512
Calculate the greatest common factor of 5183 and 36865.
73
What is the greatest common divisor of 3800 and 69100?
100
What is the greatest common factor of 2877551 and 107?
107
Calculate the greatest common factor of 2936 and 108.
4
Calculate the greatest common divisor of 95094 and 43438.
1174
What is the highest common factor of 53046 and 882?
126
Calculate the greatest common divisor of 10892 and 2849036.
1556
Calculate the highest common divisor of 1080 and 39690.
270
Calculate the greatest common factor of 28800 and 145800.
1800
What is the highest common factor of 1127 and 4439?
23
What is the highest common divisor of 132090 and 4590?
510
Calculate the greatest common divisor of 384 and 12534.
6
Calculate the greatest common factor of 3250 and 208.
26
Calculate the highest common divisor of 647 and 2822214.
647
What is the highest common factor of 78 and 140127?
39
What is the greatest common divisor of 14800 and 170?
10
What is the highest common factor of 23287 and 6789?
73
What is the highest common factor of 978 and 354?
6
What is the highest common divisor of 410 and 2610?
10
Calculate the highest common divisor of 159 and 1314877.
53
What is the highest common divisor of 217 and 4944779?
217
Calculate the highest common divisor of 1419 and 603999.
33
Calculate the greatest common divisor of 199 and 79202.
199
Calculate the greatest common factor of 6012 and 276.
12
What is the greatest common factor of 24968 and 48?
8
Calculate the highest common factor of 4888 and 424645.
611
What is the highest common divisor of 33 and 415371?
33
Calculate the highest common divisor of 15 and 104505.
15
What is the highest common divisor of 312992 and 32?
32
What is the greatest common factor of 28 and 414764?
28
Calculate the greatest common divisor of 262 and 94.
2
Calculate the greatest common divisor of 282 and 3819408.
282
Calculate the highest common factor of 1320 and 388905.
165
What is the highest common factor of 65 and 180440?
65
Calculate the highest common factor of 129 and 395772.
129
Calculate the highest common divisor of 6 and 501814.
2
What is the greatest common divisor of 58339 and 8399?
227
Calculate the greatest common divisor of 14616 and 5124.
84
Calculate the greatest common factor of 7574 and 5376458.
1082
Calculate the highest common divisor of 36280 and 40.
40
Calculate the highest common factor of 237119 and 341.
31
What is the highest common factor of 1432266 and 264?
66
What is the greatest common divisor of 1666 and 12614?
238
Calculate the highest common divisor of 1476 and 4113.
9
Calculate the greatest common divisor of 7709 and 26.
13
Calculate the highest common factor of 6754 and 1034.
22
Calculate the highest common divisor of 1421 and 90356.
49
What is the highest common divisor of 66 and 49852?
22
Calculate the highest common divisor of 45 and 131470.
5
What is the greatest common factor of 1639 and 386208?
149
Calculate the greatest common factor of 22 and 41272.
22
Calculate the highest common divisor of 565 and 835.
5
What is the highest common factor of 48 and 236244?
12
Calculate the highest common divisor of 1539 and 1007.
19
What is the greatest common factor of 42266 and 406?
14
What is the greatest common factor of 278 and 472?
2
What is the highest common divisor of 45310 and 36340?
230
What is the greatest common factor of 527975 and 1400?
175
What is the highest common factor of 103808 and 4736?
128
Calculate the highest common factor of 1610890 and 1640.
410
What is the highest common factor of 12 and 428634?
6
Calculate the greatest common divisor of 71631 and 42.
21
Calculate the greatest common factor of 46 and 3182786.
46
Calculate the highest common factor of 1532496 and 672.
336
What is the highest common factor of 1288 and 147016?
184
What is the highest common divisor of 43350 and 3700?
50
What is the greatest common divisor of 8 and 1214?
2
Calculate the highest common factor of 4851 an